) = -d - 13. Let p be s(-6). Let a = 33 + p. Suppose -4*u - 3*r = -2*r - 56, 5*u - 70 = 5*r. Calculate the remainder when a is divided by u.
12
Suppose 5*v - w = -3*w + 287, -5*w - 20 = 0. What is the remainder when v is divided by -12*7/((-56)/20)?
29
Suppose 4 = -m - 1. Let u = m - -11. Suppose u*j - j = 45. What is the remainder when 16 is divided by j?
7
Let a(l) = -1. Let z(s) = 2*s + 13. Let g(h) = -4*a(h) - z(h). What is the remainder when 6 is divided by g(-6)?
0
Let z be (-18 + 1)*(-3 + -1). Suppose -3*j = -2*j + w - 10, 5*j - w = z. What is the remainder when 36 is divided by j?
10
Let p = 154 + -150. Suppose -2*l - 5 = 3*l + y, 5*l = y - 15. What is the remainder when (11*1)/(3 + l) is divided by p?
3
Suppose -5*s + 4*b + 36 = 0, 2*s + 16 = 3*s - 3*b. Suppose -23 - 21 = -s*d. What is the remainder when 31 is divided by d?
9
Let l(f) = 6*f - 4. What is the remainder when l(9) is divided by 13?
11
Suppose 70 = 9*j - 56. What is the remainder when 52 is divided by j?
10
Let c be 42/(16/7 + -2). Suppose 0 = 4*z - 9 - c. Calculate the remainder when z is divided by (-2)/4*-8*5.
19
Let y(w) = -w**3 + 10*w**2 - 12*w - 14. What is the remainder when 53 is divided by y(8)?
17
Suppose 23*u - 64 = 19*u. Calculate the remainder when 31 is divided by u.
15
Let l(w) = 4*w + 6. Suppose -2*a = a - 60. Calculate the remainder when l(8) is divided by a.
18
Suppose -51*g + 188 = -47*g. Calculate the remainder when g is divided by 16.
15
Suppose -7 + 3 = o. Let z = o - -1. Let j = 11 + z. Calculate the remainder when 23 is divided by j.
7
Let g(z) = -z**3 - 7*z**2 - z + 4. Suppose -4*u - u - 35 = 0. Calculate the remainder when g(u) is divided by 6.
5
Suppose 7*v - 28 = 3*v. What is the remainder when v is divided by (-12)/(-8)*(1 - -1)?
1
Suppose 2*h - 4 = 4. Suppose -4*r = -2*y + 8, -3*y + 4*r - h = -12. Suppose y = -3*x - 12, -2*z + 4*x + 23 = -19. What is the remainder when 38 is divided by z?
12
Suppose 3*h - 8 = 5*z + 4, -3*z - 16 = -4*h. Suppose 69 - 525 = -h*f. Suppose 0 = 4*t - 50 - f. What is the remainder when t is divided by 14?
13
What is the remainder when 94 is divided by (-1 - (-27)/15)*320/8?
30
Calculate the remainder when 54 is divided by 37*12/20 - 1/5.
10
Let r = 53 - -91. Suppose 2*q = -2*q - r. What is the remainder when 148*3/q*-3 is divided by 13?
11
Let i(t) be the third derivative of -t**5/60 + t**4/24 + 7*t**3/6 + t**2. Let j = 14 + -14. Calculate the remainder when i(j) is divided by 4.
3
Let d(p) = -2*p**3 - 4*p**2 + 2*p + 5. Suppose 4*n - 2*s - 270 = 3*s, 0 = -3*n - 2*s + 191. Calculate the remainder when n is divided by d(-3).
14
Suppose -5*d = 4*d - 1206. Calculate the remainder when d is divided by 34.
32
Suppose 5*h - 15 = 5*z, 9 = -3*h - 4*z + z. Suppose h = q - 21 + 4. Let t(b) = -b**3 + b**2 - 4. What is the remainder when t(-3) is divided by q?
15
Let s(z) = z**3 - 8*z**2 + z + 1. Let h(w) = w**2 + 5*w + 2. Let r be h(-6). What is the remainder when 33 is divided by s(r)?
6
Let r(j) = j**3 - 10*j**2 + 6. Calculate the remainder when 70/5*-1*-2 is divided by r(10).
4
Suppose 4*c - 12*c + 56 = 0. What is the remainder when 24 is divided by c?
3
Let d = 18 + -5. What is the remainder when 30 is divided by d?
4
Let w(k) = -k**3 + 6*k**2 + k + 5. Let g = 23 - 17. Calculate the remainder when 43 is divided by w(g).
10
Let g(n) = 46*n**2 + 2. Let w be g(-3). Suppose 0*b + w = 4*b. Suppose -4*f + b = 4*t, 3*f + 53 = 3*t + f. Calculate the remainder when 41 is divided by t.
20
Calculate the remainder when (-580)/(-30)*(2 + 1) is divided by 15.
13
Suppose -3*a + 32 = -0*a - u, 2*a = -u + 13. Calculate the remainder when 43 is divided by a.
7
Let w(c) be the second derivative of c**4/12 + 2*c**2 - c. Calculate the remainder when w(-4) is divided by 1*4*(-11)/(-4).
9
Suppose 0 = 3*z - 120 + 33. Let i = 19 + 11. Suppose -60 = -4*y + 4*o - 0, y - 4*o = i. What is the remainder when z is divided by y?
9
Suppose u - 10 = -u. Calculate the remainder when (12/(-18))/(1/(-12)) is divided by u.
3
Let l = -20 - -34. Let p = 23 - l. What is the remainder when 17 is divided by 1/((-26)/p - -3)?
8
Let m be (-7779)/(-15) - 6/(-15). Let w be m/21 - (-2)/7. Suppose -2*z + w = -11. What is the remainder when 53 is divided by z?
17
Let n(v) = -9*v - 3. Let f be n(4). Let p = f + 55. Suppose -2*l = -s - 2*s - 51, -s + 63 = 2*l. Calculate the remainder when l is divided by p.
14
Let n(v) = 3*v + 5. Suppose -2*b + 6*b - 108 = 0. Suppose 2*y = b - 9. Calculate the remainder when n(4) is divided by y.
8
Let y = -12 - -8. What is the remainder when (1/y)/((-2)/232) is divided by 10?
9
Suppose 0 = 5*p + 3*s - 16 + 6, -s = 0. Calculate the remainder when 21 is divided by p.
1
Suppose 114 = 5*t + 4*d, t + 25 = 2*t + 3*d. What is the remainder when t is divided by 6?
4
Suppose -3*v + 2*m + 28 = 4*m, -4*m = 16. Let d = 4 + 3. What is the remainder when v is divided by d?
5
Suppose -z + 231 = 5*k, k - 5*z + z - 63 = 0. Let s = 6 + 6. What is the remainder when k is divided by s?
11
Suppose 0 = 26*z - 942 - 254. What is the remainder when z is divided by 29?
17
Let l = 451 + -316. Let x = -70 + l. What is the remainder when x is divided by (23 - (2 - 2)) + -1?
21
Let z(u) = -6*u + 41. What is the remainder when z(-17) is divided by 16?
15
Calculate the remainder when 9 is divided by (-6)/(-5)*60/18.
1
Let t(k) = -3*k**2 - 5*k - k**3 + 7*k**2 + 4*k**2. Calculate the remainder when 27 is divided by t(7).
13
Let l(d) = d**2 + d + 3. Let p(k) = k - 13. Let v be p(6). What is the remainder when l(v) is divided by 12?
9
Let i(u) = -u**3 + 5*u**2 - 3*u. Let o be i(2). Let b(z) = 5*z - 1. What is the remainder when b(3) is divided by (-47)/(-9) + o/(-27)?
4
Let n be 18*(2/2)/3. Let w(d) = -d**3 + 6*d**2 + 5*d + 5. Calculate the remainder when w(n) is divided by 9.
8
Let c = 41 + -14. What is the remainder when 52 is divided by c?
25
Calculate the remainder when 12/9*1*51 is divided by 10.
8
Suppose 5*x + 24 = -h, 0 = -x + 3*x + 5*h + 28. Let d = x + 7. Calculate the remainder when 3 is divided by d.
0
Let c(w) = 2*w**3 - 4*w**2 + 2*w. Let t be c(4). Let h = -108 + 151. Let a = t - h. What is the remainder when a is divided by 10?
9
Let d = 22 - 11. Let k be 6*((-21)/(-2))/3. What is the remainder when 447/k + 2/(-7) is divided by d?
10
What is the remainder when 41 is divided by 10 - (4 - (4 + 4))?
13
Suppose -5*u - 3 = 3*d + 16, -3*d = 2*u + 4. Suppose d*b - 7 = 35. What is the remainder when 36/b - (-2)/7 is divided by 1?
0
Let p(w) = w**3 - 10*w**2 + 10*w - 10. Let a be p(9). Suppose 23 = 5*u - 182. Calculate the remainder when u is divided by -1*(0 - a) - -15.
13
Suppose 0 = i - 2*h + 3*h - 18, 4*i - 2*h - 48 = 0. Let d(b) = 22*b + 3. Let q be d(3). Let n = q + -30. What is the remainder when n is divided by i?
11
Let g(b) = 32*b**3 - b**2 + b + 1. Calculate the remainder when 58 is divided by g(1).
25
Let t be 15/10*-2*1. Let x be (-74)/t + 4/(-6). Suppose 0 = -2*d + 32 + x. What is the remainder when d is divided by 15?
13
Let p(l) = -13*l - 1. Suppose -38 + 11 = m + 5*w, -5 = w. Let f(i) = -7*i - 1. Calculate the remainder when p(-3) is divided by f(m).
12
Let h be 2/4 - 6/(-4). Let w(y) = 2*y - h - 1 + 6 - 2. What is the remainder when w(8) is divided by 6?
5
Let y = 5 - -23. Suppose 0 = l + 3, -7*l + 2*l - 45 = -5*x. Calculate the remainder when y is divided by x.
4
Let u(j) = 3*j**2 + j + 2. What is the remainder when u(-3) is divided by 15?
11
Suppose -l + 9 = j, -3*j + 0*j + l + 11 = 0. Let s(g) = g + 2. What is the remainder when s(j) is divided by 3?
1
Let f = 8 - 5. Suppose -96 = -5*t + t. Calculate the remainder when 6/t - (-43)/4 is divided by f.
2
Let d be (-1)/2 + 13/2. Suppose 2*i - d*o - 8 = -4*o, -5*o + 12 = 3*i. Suppose i*a = 2*a + 26. What is the remainder when 37 is divided by a?
11
Suppose 0 = -2*n + 5*n - 18. Suppose 3*f + 10 = 2*y - 24, 3*y - 2*f - 41 = 0. Calculate the remainder when y is divided by n.
5
Let m = -399 + 458. Let i be 137/9 + 2/(-9). Let z = 0 + i. What is the remainder when m is divided by z?
14
Let p = 4 - -7. Calculate the remainder when ((-75)/(-10))/(2/8) is divided by p.
8
Suppose 5*z - 651 = -l, 4*l + 0*l = 2*z - 256. Suppose -4*s = s - z. Calculate the remainder when s is divided by 7.
5
Suppose -9*g - 159 